nd 417.
139
What is the greatest common divisor of 233040 and 128?
16
What is the greatest common divisor of 291 and 312437?
97
What is the highest common divisor of 46 and 574195?
23
Calculate the greatest common divisor of 212 and 122907.
53
Calculate the highest common factor of 4 and 2942.
2
What is the greatest common divisor of 502576 and 8080?
1616
Calculate the greatest common divisor of 126569 and 23.
23
Calculate the greatest common factor of 141 and 136065.
141
Calculate the highest common divisor of 54272 and 212.
212
Calculate the highest common factor of 88824 and 24.
24
What is the highest common factor of 4 and 1852?
4
What is the highest common factor of 369217 and 4385?
877
What is the greatest common factor of 1164662 and 190?
38
What is the highest common divisor of 21040 and 5360?
80
Calculate the greatest common divisor of 9789 and 1014.
39
Calculate the greatest common factor of 287110 and 200.
10
What is the highest common factor of 515 and 25?
5
Calculate the greatest common factor of 64 and 676272.
16
What is the highest common factor of 80 and 282680?
40
Calculate the highest common divisor of 5664 and 128.
32
Calculate the greatest common divisor of 415 and 945.
5
Calculate the highest common factor of 80056 and 8.
8
Calculate the highest common factor of 60 and 727095.
15
Calculate the greatest common factor of 568 and 59711.
71
Calculate the greatest common factor of 237433 and 3745.
749
Calculate the highest common factor of 773682 and 66.
6
What is the highest common factor of 82 and 31693?
41
Calculate the highest common divisor of 3796 and 25988.
292
What is the greatest common divisor of 32814 and 3?
3
What is the highest common factor of 559182 and 3210?
642
What is the highest common divisor of 87 and 262247?
29
What is the greatest common divisor of 832 and 1521832?
104
What is the highest common divisor of 1070 and 68190?
10
What is the highest common factor of 753 and 135038?
251
What is the greatest common divisor of 49500 and 975?
75
Calculate the highest common divisor of 156462 and 534.
534
What is the highest common divisor of 200 and 256575?
25
What is the greatest common factor of 1202586 and 63?
21
Calculate the greatest common factor of 33254 and 1066.
26
What is the highest common divisor of 15 and 7389?
3
What is the greatest common factor of 38 and 337706?
38
What is the greatest common divisor of 16962 and 13621?
257
What is the greatest common factor of 21164 and 1804?
44
What is the highest common divisor of 73452 and 4?
4
Calculate the highest common divisor of 91 and 3991.
13
Calculate the greatest common factor of 34600 and 250.
50
What is the highest common divisor of 76102 and 26?
26
Calculate the greatest common divisor of 25980 and 420.
60
Calculate the highest common divisor of 381 and 2049.
3
Calculate the highest common divisor of 39 and 159211.
13
Calculate the greatest common divisor of 356710 and 5.
5
What is the greatest common factor of 1022 and 49494?
146
Calculate the greatest common divisor of 35424 and 272.
16
What is the highest common factor of 8439 and 1305?
87
What is the highest common factor of 40619 and 1076?
269
Calculate the greatest common divisor of 603 and 22149.
9
What is the greatest common factor of 1 and 15643?
1
Calculate the greatest common factor of 6644 and 20240.
44
What is the greatest common factor of 121616 and 220?
44
Calculate the highest common factor of 33 and 1681383.
33
Calculate the highest common factor of 640 and 13368.
8
What is the greatest common factor of 44 and 11374?
22
Calculate the highest common divisor of 793764 and 612.
612
Calculate the greatest common divisor of 137 and 113573.
137
What is the greatest common divisor of 7553 and 715?
13
Calculate the highest common factor of 692 and 504.
4
Calculate the highest common divisor of 3611047 and 11.
11
Calculate the highest common divisor of 1639448 and 8.
8
Calculate the greatest common factor of 274585 and 5.
5
Calculate the greatest common factor of 432 and 703944.
216
What is the greatest common factor of 2736 and 497268?
684
Calculate the greatest common divisor of 292923 and 57.
57
Calculate the highest common factor of 3707 and 16159.
11
Calculate the highest common factor of 30044 and 444.
148
Calculate the highest common factor of 14217 and 6.
3
What is the greatest common divisor of 371070 and 399?
399
What is the greatest common divisor of 1210 and 289795?
605
Calculate the greatest common factor of 65 and 467705.
5
Calculate the highest common divisor of 3094 and 29354.
26
What is the highest common divisor of 71188 and 208?
52
Calculate the highest common divisor of 357 and 5649.
21
What is the greatest common factor of 381591 and 1134?
567
What is the greatest common divisor of 17221 and 16218?
17
What is the greatest common divisor of 38 and 2692946?
38
Calculate the greatest common divisor of 9299 and 1094.
547
Calculate the greatest common factor of 736 and 868112.
368
What is the greatest common divisor of 1555 and 627287?
311
What is the greatest common divisor of 24 and 16096?
8
Calculate the highest common factor of 14147 and 34658.
43
Calculate the highest common divisor of 11514 and 3648.
114
Calculate the greatest common factor of 542845 and 2157.
719
What is the greatest common divisor of 273 and 19201?
91
Calculate the greatest common divisor of 12740 and 16170.
490
Calculate the highest common factor of 892346 and 1092.
182
Calculate the greatest common factor of 11591 and 1211.
173
Calculate the highest common factor of 2228 and 164.
4
What is the highest common divisor of 60892 and 104?
52
Calculate the highest common divisor of 59680 and 360.
40
Calculate the highest common divisor of 11085 and 480.
15
What is the greatest common divisor of 229846 and 164?
82
Calculate the greatest common factor of 30531 and 24.
3
Calculate the greatest common divisor of 1112565 and 1020.
255
Calculate the highest common divisor of 1185 and 104043.
237
Calculate the highest common divisor of 8502 and 11778.
78
What is the highest common factor of 1921808 and 16?
16
What is the highest common factor of 1104 and 53958?
138
What is the greatest common factor of 1648815 and 15?
15
What is the highest common factor of 21434 and 14?
14
What is the highest common factor of 91971 and 1782?
99
Calculate the highest common divisor of 14036 and 1089.
121
What is the greatest common factor of 3536 and 1360?
272
Calculate the highest common factor of 3384 and 1272.
24
What is the highest common divisor of 961 and 496?
31
What is the greatest common divisor of 749360 and 160?
80
Calculate the highest common divisor of 40143 and 9.
3
Calculate the highest common divisor of 89 and 2931037.
89
What is the highest common divisor of 7874 and 6096?
254
Calculate the highest common divisor of 98 and 1158507.
49
What is the highest common factor of 80826 and 2280?
114
Calculate the highest common divisor of 284 and 30033.
71
Calculate the highest common divisor of 30800 and 56.
56
What is the greatest common factor of 1003229 and 82?
41
What is the highest common factor of 298265 and 77605?
935
Calculate the highest common factor of 36 and 20092.
4
What is the greatest common divisor of 46455 and 45?
15
Calculate the greatest common factor of 429 and 121407.
429
What is the highest common factor of 3628280 and 305?
305
What is the greatest common divisor of 445 and 505?
5
What is the highest common factor of 1107 and 5463?
9
What is the greatest common divisor of 6 and 64131?
3
What is the greatest common divisor of 363 and 3421?
11
Calculate the greatest common factor of 86 and 23263.
43
Calculate the highest common divisor of 800 and 485600.
800
Calculate the highest common divisor of 12 and 37302.
6
Calculate the highest common factor of 489 and 48.
3
What is the greatest common divisor of 44901 and 189?
27
Calculate the highest common divisor of 112491 and 9.
9
Calculate the highest common factor of 12 and 19644.
12
What is the greatest common divisor of 41405 and 715?
65
Calculate the highest common factor of 70 and 11116.
14
What is the highest common divisor of 288 and 426132?
36
Calculate the greatest common divisor of 613875 and 30.
15
Calculate the highest common factor of 4